33 prime?
True
Is 6852415 composite?
True
Is 1013993 prime?
True
Is 4123367 a prime number?
False
Is 20590859 prime?
False
Is 16643261 prime?
False
Is 17648573 composite?
True
Is 43411391 prime?
True
Is 202756787 composite?
False
Is 7150279 prime?
True
Is 1395313 prime?
False
Is 29640223 prime?
True
Is 8951441 a prime number?
True
Is 379699 prime?
True
Is 424334 a composite number?
True
Is 21976573 composite?
True
Is 1218377 composite?
True
Is 3678461 a prime number?
True
Is 1566451 a composite number?
False
Is 113110621 a prime number?
False
Is 8572939 a prime number?
False
Is 63718661 a composite number?
False
Is 4197722 a composite number?
True
Is 142146209 a prime number?
True
Is 20202454 a prime number?
False
Is 167618987 a prime number?
True
Is 161407 prime?
True
Is 33634567 a prime number?
True
Is 23493959 prime?
True
Is 64151015 a prime number?
False
Is 13786687 a composite number?
True
Is 7581458 composite?
True
Is 1247737 a composite number?
False
Is 215429773 composite?
True
Is 496023943 a composite number?
True
Is 18605863 prime?
True
Is 146477 a composite number?
False
Is 83981983 composite?
False
Is 2529973 prime?
False
Is 211559 a composite number?
False
Is 5445235 prime?
False
Is 273941 a prime number?
True
Is 103640237 composite?
False
Is 385214617 a composite number?
True
Is 62889611 a composite number?
False
Is 27117863 prime?
True
Is 869347 a composite number?
True
Is 892183 a prime number?
False
Is 3079049 composite?
False
Is 513277 composite?
False
Is 3471959 composite?
False
Is 552231005 a prime number?
False
Is 4452131 composite?
False
Is 2585777 a prime number?
True
Is 4044797 prime?
True
Is 2115427 a composite number?
False
Is 36521635 prime?
False
Is 16933141 composite?
False
Is 409099651 a prime number?
True
Is 266829383 composite?
False
Is 7859297 prime?
True
Is 46933181 composite?
False
Is 7268137 prime?
False
Is 92129 prime?
False
Is 253934353 a prime number?
False
Is 107940733 a prime number?
True
Is 14378363 prime?
True
Is 13831 composite?
False
Is 524021 a composite number?
True
Is 5356223 a composite number?
False
Is 31596301 prime?
False
Is 51983587 a prime number?
False
Is 1787477 prime?
False
Is 181727699 prime?
True
Is 221602709 composite?
False
Is 6770077 a composite number?
True
Is 15393359 prime?
True
Is 51537241 composite?
True
Is 169855297 prime?
True
Is 40622689 prime?
False
Is 148381843 composite?
True
Is 25811729 a prime number?
False
Is 3133777 a composite number?
False
Is 200823149 composite?
True
Is 4246961 a composite number?
True
Is 1353433 composite?
False
Is 12245803 prime?
False
Is 168743829 a composite number?
True
Is 377513 prime?
True
Is 12758799 composite?
True
Is 19618451 prime?
True
Is 13135013 composite?
True
Is 53620933 prime?
False
Is 92870039 a prime number?
False
Is 4796179 prime?
True
Is 533317 a composite number?
False
Is 393361 prime?
True
Is 741742 prime?
False
Is 57840967 a composite number?
True
Is 63565471 a prime number?
False
Is 80237177 a composite number?
True
Is 1347091 a prime number?
True
Is 24235487 prime?
True
Is 9855011 a composite number?
False
Is 37615457 a prime number?
False
Is 166659139 a composite number?
True
Is 172513 composite?
True
Is 9893707 a composite number?
False
Is 22096667 prime?
False
Is 933017 a composite number?
True
Is 22785989 a prime number?
True
Is 4641743 a prime number?
False
Is 115398931 prime?
False
Is 1266963 a prime number?
False
Is 16584949 prime?
True
Is 28999903 a prime number?
False
Is 109457443 a prime number?
False
Is 22230251 a composite number?
False
Is 31886983 composite?
False
Is 9225421 a composite number?
False
Is 26968957 a composite number?
False
Is 10036079 prime?
True
Is 12116087 prime?
False
Is 140210561 a prime number?
True
Is 35692199 prime?
False
Is 167225081 a composite number?
True
Is 8026943 composite?
True
Is 649039 a composite number?
False
Is 12532123 a composite number?
False
Is 1375583 composite?
True
Is 102421 prime?
False
Is 7830521 composite?
False
Is 42526481 a composite number?
False
Is 41102107 prime?
False
Is 10447817 prime?
True
Is 1227185 composite?
True
Is 11954603 a composite number?
False
Is 109924849 a prime number?
True
Is 11856289 a composite number?
True
Is 4783223 prime?
True
Is 42463055 a prime number?
False
Is 17014031 composite?
True
Is 10693649 prime?
False
Is 2205353 composite?
False
Is 26682179 composite?
False
Is 7922458 prime?
False
Is 162703193 prime?
False
Is 16631689 prime?
True
Is 1448171 a prime number?
True
Is 8153609 prime?
True
Is 825133429 prime?
True
Is 3535869 a composite number?
True
Is 9408389 prime?
True
Is 156420049 prime?
False
Is 116640985 a prime number?
False
Is 30751687 composite?
True
Is 218784089 composite?
False
Is 119461273 composite?
False
Is 73926341 composite?
True
Is 2626627 a composite number?
True
Is 21527771 composite?
False
Is 10858517 a prime number?
True
Is 43461659 composite?
True
Is 780257 composite?
False
Is 1070411 a prime number?
True
Is 11118391 composite?
True
Is 377303 a prime number?
False
Is 4049707 composite?
False
Is 405989683 a composite number?
True
Is 3451341 a prime number?
False
Is 12719131 a prime number?
False
Is 12676259 a prime number?
True
Is 176158 prime?
False
Is 168819115 composite?
True
Is 10478801 a composite number?
False
Is 112086283 prime?
False
Is 1645037 prime?
False
Is 249781579 composite?
False
Is 212166991 a prime number?
False
Is 16317991 a composite number?
True
Is 76391389 a composite number?
True
Is 336659 a composite number?
True
Is 4337167 a prime number?
True
Is 39176259 a composite number?
True
Is 134581569 a prime number?
False
Is 4195421 a composite number?
False
Is 244882531 composite?
False
Is 8346359 a prime number?
False
Is 1071977 prime?
True
Is 64263511 a composite number?
True
Is 236695057 a prime number?
True
Is 34834 prime?
False
Is 9252391 prime?
False
Is 41000159 composite?
False
Is 8780309 a prime number?
True
Is 4524683 a composite number?
True
Is 14508035 a prime number?
False
Is 71914367 a prime number?
False
Is 332342837 a prime number?
True
Is 1985078473 a composite number?
True
Is 6497657 a composite number?
True
Is 220399 prime?
True
Is 14145763 composite?
False
Is 97129183 a composite number?
True
Is 3143978 a prime number?
False
Is 6779911 a prime number?
True
Is 1066459 a prime number?
False
Is 6809597 a prime number?
True
Is 1073533 composite?
True
Is 4873753 composite?
False
Is 106033349 a composite number?
False
Is 94669433 a composite number?
True
Is 305558485 prime?
False
Is 676061459 a prime number?
True
Is 13943843 a prime number?
True
Is 5030599 prime?
False
Is 8008661 a composite number?
True
Is 450953263 prime?
True
Is 39217363 a composite number?
False
Is 99472651 composite?
False
Is 3868586 composite?
True
Is 192974515 a composite number?
True
Is 85498301 a composite number?
True
Is 10178303 a prime number?
False
Is 2883887 prime?
True
Is 24598207 a prime number?
True
Is 5444557 a prime number?
True
Is 22130419 a composite number?
True
Is 81750871 a composite number?
True
Is 98846519 a prime number?
True
Is 35473601 composite?
True
Is 62904715 a composite number?
True
Is 13877527 composite?
False
Is 6310273 a composite number?
False
Is 70006367 prime?
True
Is 564639233 prime?
False
Is 90634757 composite?
False
Is 79233962 a composite number?
True
Is 5388091 a composite number?
False
Is 415927 prime?
False
Is 17658637 a composite number?
False
Is 107419 prime?
False
Is 4536283 a prime number?
True
Is 396114443 a prime number?
True
Is 34963273 a prime number?
True
Is 43526867 prime?
False
Is 218091779 composite?
False
Is 333505 composite?
True
Is 18145219 a prime number?
True
Is 12463141 prime?
True
Is 169149 a prime number?
False
Is 77444331 composite?
True
Is 3265919 a composite number?
True
Is 354341033 prime?
True
Is 51647095 a composite number?
True
Is 430534607 prime?
True
Is 25824067 prime?
True
Is 2860547 prime?
False
Is 1222583 composite?
False
Is 5760343 a composite number?
False
Is 85195397 composite?
True
Is 7044379 a composite number?
True
Is 764657 a composite number?
False
Is 6641143 composite?
False
Is 3068621 a prime number?
True
Is 2855467 a prime number?
True
Is 40750951 composite?
False
Is 298391707 composite?
True
Is 7046059 a prime number?
True
